et f(q) = q**3 - 1. Let o(j) = 4*f(j) - r(j). Let t(v) be the first derivative of o(v). Is t(1) composite?
False
Let a = -2589 - -11161. Suppose -60 - a = -8*u. Is u a prime number?
False
Let y be ((-3)/2)/((-18)/48). Is 17927/28 + 3/y prime?
True
Let f = 320 - 1172. Let h = f - -1303. Is h a composite number?
True
Let c = -23 + 29. Suppose c*z = 5*z + 401. Is z composite?
False
Let r(j) = -j**3 + 18*j**2 - 18*j - 11. Is r(14) a prime number?
True
Let z = 98671 - 30600. Is z composite?
False
Let w be (-5)/(-10)*-327*-18. Let p be (0 - 1)/(9/w). Is 3/1 + -1 - p composite?
True
Let a = 881 + 1838. Is a a composite number?
False
Let o = 249 - 377. Let h = o + 421. Is h composite?
False
Let l = -7703 - -16204. Is l a prime number?
True
Suppose 2*c + 717 = -323. Let q = -306 + 53. Let z = q - c. Is z composite?
True
Suppose 3866 = w - 3488. Suppose -30290 - w = -12*i. Is i a prime number?
True
Suppose -6*m - 53 - 7 = 0. Is (-54020)/(-100) + (-8)/m a prime number?
True
Suppose 2*c = t + 77, 5*c - 139 - 57 = -t. Let a = c - 87. Is 8 + -10 + (0 - a) a prime number?
False
Suppose x - 20 = -2*f, 0 = 2*x + 2*x - 3*f - 102. Suppose 0 = -2*m - 2*m + x. Suppose -m*z + z + 575 = 0. Is z prime?
False
Let p(y) = -y**3 - 3*y**2 - y + 4. Suppose l = -0 + 5. Let h = l - 8. Is p(h) composite?
False
Suppose 5*q + 3*a - 17006 = 0, 8715 - 22324 = -4*q - a. Is q prime?
False
Suppose 0 = 2*w - 6*w + 8. Suppose 0*n - 3*n + 4556 = 5*t, 0 = w*t + 3*n - 1817. Is t a composite number?
True
Let z(q) be the first derivative of 260*q**3/3 + 5*q**2/2 - 7*q - 13. Is z(2) a composite number?
True
Let j = 82259 - 20400. Is j a prime number?
False
Suppose -2 = -3*p + 3*t - t, 4*t = -3*p - 22. Is 17 - 3 - (1 + -3 - p) a composite number?
True
Let o = 15 - 12. Suppose -2*d - 204 = -4*n, o*d + 0*d + 102 = 2*n. Is n a composite number?
True
Let n(z) = 42*z - 29. Is n(6) composite?
False
Let r = 139 + -82. Suppose -2*f - 4*t + 8 = 0, 3*f + f - 4*t = -8. Suppose f = -4*v + 67 + r. Is v a prime number?
True
Suppose 4*f - 6 - 6 = 0. Suppose 4*d - f = -19. Let u(x) = -4*x**3 + 2*x**2 - 6*x - 5. Is u(d) prime?
True
Suppose 3*o + 5*a = 1695 + 565, o - 740 = -5*a. Let u = 820 - 505. Let y = o - u. Is y a composite number?
True
Suppose -4*z + 2462 = 2*m, -m - 7*z + 2*z = -1216. Suppose 377 = 2*u - m. Is u composite?
False
Let v(t) = -3*t**3 - 38*t**2 - 12*t + 29. Is v(-18) composite?
True
Let f(i) = -2*i - 1 + i**2 - 47*i**3 + i + 4*i**2 - 3*i**2. Let j be f(-2). Suppose -2*l - x + 377 = 0, 0 = 5*l - 4*x - j - 590. Is l composite?
False
Let v be 17/3 - (-12)/(-18). Let x(l) = -l**3 + 6*l**2 - 5*l - 1. Let z be x(v). Is 164/((-1)/z - -1) a composite number?
True
Let l be ((-8)/(-20))/(((-6)/45)/2). Let u(i) = 8*i**2 - 4*i - 11. Is u(l) composite?
True
Suppose 0 = -36*h + 51*h - 662325. Is h a composite number?
True
Is ((-310)/(-1085))/(2/88277) a prime number?
True
Suppose -63*h + 80318 = -49*h. Is h prime?
True
Is (-2 - 3) + 6 - -3906 a composite number?
False
Suppose 5*n - 2 = 28. Suppose 2*y = -x + 5*x + 18, 3*y + 5*x + n = 0. Is (-55)/1*(2 - y) composite?
True
Suppose -11*x + 8*x = -27. Let d(t) = 134*t**2 - 14*t + 43. Is d(x) composite?
False
Let c = 234 - -283. Is c composite?
True
Is (-25236)/(-22) + (-20)/220 composite?
True
Is (-7)/28*12074*-2 composite?
False
Let z(k) = -3*k**2 + 20*k - 13. Let l(w) = -2*w**2 + 10*w - 7. Let p(g) = 5*l(g) - 3*z(g). Let q be p(-10). Suppose 7*m - 246 = q*m. Is m prime?
False
Let f = -14 - -1115. Suppose 61 = 2*r - f. Is r composite?
True
Let i = -528 - -2581. Is i prime?
True
Let n be 618 + (1/1)/1 + 1. Let z = n + -327. Is z composite?
False
Let y(h) = 5*h**2 + 40*h + 28. Let p be y(33). Let w = p + -3954. Is w prime?
False
Let l(g) = g**3 + 7*g**2 + 11*g + 7. Is l(5) a prime number?
False
Suppose -5*m = -3*c + 51043, -24504 = -3*c - 3*m + 26571. Is c prime?
True
Let u(q) = 1 + 6*q + q**2 + 6 + 4*q**2. Let n(b) = -b**3 - 7*b**2 - 10*b - 18. Let c be n(-6). Is u(c) composite?
False
Suppose 6 = 8*y - 9*y. Suppose t = 2*t - 20. Is (t/6)/(y/(-603)) composite?
True
Let u(f) = -72*f**3 - 10*f**2 + 27*f + 14. Is u(-15) composite?
True
Suppose -u + 2482 = 2*k, -u - 2490 = 8*k - 10*k. Let i = -7 - -12. Suppose -2*n + 835 = 4*g - k, 0 = -i*n + 4*g + 5223. Is n a prime number?
False
Suppose 0 = 34*z - 35*z + 527. Is z a prime number?
False
Suppose -z - g + 4181 = -0*z, -2*g = 4*z - 16724. Is z prime?
False
Suppose 2*f - 2 = 2. Suppose 4*d + 4*m = 12, f*d + 5*m = 3*d + 15. Suppose -2*z + b + 75 = 0, d = -5*z + b + 4*b + 200. Is z prime?
False
Let g be (-4)/3*-3*1. Suppose r = 4*r, 18935 = 5*l - g*r. Is l a prime number?
False
Let z(w) = -416*w - 3. Let r(k) = -k**3 + 13*k**2 - 13*k + 11. Let f be r(12). Is z(f) prime?
False
Let k(z) = 4*z + 5. Let n be k(-17). Let u = 171 + n. Let h = u - -103. Is h composite?
False
Suppose c = 3*y - 5852, -2*y - 2*c + 1746 + 2142 = 0. Is y composite?
False
Let d be (10/25)/(1/25). Let j = 13 - d. Is 75/3 - 3 - j prime?
True
Let v(x) = -x**3 + 22*x**2 - 18*x - 28. Let f be v(20). Suppose -2*o + f = -9066. Is o prime?
False
Let r = 25 + -23. Suppose -4*m + 2*n - r + 606 = 0, -m - 4*n = -133. Is m composite?
False
Suppose 4*q + 5*f - 25104 - 43384 = 0, -4*q = -2*f - 68460. Is q a prime number?
True
Suppose -2*d + 339 = -139. Is d composite?
False
Let a be (3 + 1 - 7)/(-1). Suppose -34 + 127 = -a*o. Let d = o - -68. Is d a composite number?
False
Suppose 0 = -6*c + 599 + 97. Suppose -2*r + 1098 = c. Is r composite?
False
Let f(t) = 2*t**3 - 19*t**2 + 59*t + 25. Is f(15) a composite number?
True
Let z(y) = y**3 + 21*y**2 + 16*y + 15. Let f be z(-12). Let c = f - -2576. Is c composite?
True
Let k be 199*(0 - -1) + -2. Suppose -2*d + 536 + 184 = 0. Let l = d - k. Is l prime?
True
Let q = -3522 - -16551. Let i = 21098 - q. Is i prime?
True
Suppose -2*x = -n + 4, 3*n + x + 12 - 3 = 0. Let f(j) = 920*j**2 - j + 1. Is f(n) a prime number?
False
Suppose -s - 306 = 4*p, -5*p + 173 + 426 = -2*s. Let m = -521 - s. Let g = m + 692. Is g prime?
False
Is 49/(-28)*(-17129 + -1 + -2) a prime number?
False
Let v be (-1 - -5 - 2)*-6. Let z be (15/v)/((-1)/4). Suppose -4*m - t + 177 = z, 0 = 3*t. Is m prime?
True
Let o(u) = -4 + u**3 + u - 4 + u - u - 10*u**2. Let p be o(10). Suppose -3*d + 4*h = -377, p*h - 478 = -3*d - 95. Is d composite?
False
Let t = 12 - 7. Let k be 16/3 + t/(-15). Suppose 0 = -3*z + r - 0*r + 594, -z + k*r = -184. Is z a composite number?
False
Let t(x) = x**3 - 10*x**2 - 21*x - 11. Let i(o) = o**3 - 10*o**2 - 22*o - 12. Let r(c) = -4*i(c) + 5*t(c). Is r(15) prime?
True
Suppose -3785 - 305 = -5*u. Is u a prime number?
False
Suppose -5*q + q = -4. Is q/(3*1/543) prime?
True
Let q(c) = -121*c - 7. Let v = -18 - -16. Is q(v) composite?
True
Let c be 4 + 3 - 2*1. Suppose -5*y + 2*k + 25 = 3*k, -c*y + 5*k - 5 = 0. Suppose -y*n - 5*v + 103 + 175 = 0, -4*n + 266 = -v. Is n prime?
True
Let o be (-160)/(-25) - 2 - (-2)/(-5). Suppose 3561 = o*j - 355. Is j composite?
True
Suppose 4 = b, 2*z - 1320 = -2*z + 2*b. Suppose -18*n - 4 = -14*n. Is (-3)/((-12)/z) + n a prime number?
False
Let z be (-2)/(-7)*14*1. Suppose z*t + r - 453 = 1018, -9 = -3*r. Is t prime?
True
Let w(g) = -g**3 + 5*g**2 - 2*g - 4. Let f be w(2). Suppose f*z + 891 = 7135. Is z composite?
True
Suppose 0*r + 5*r + 2350 = 0. Let o be (6 + 805/5)*(0 - 5). Let l = r - o. Is l a prime number?
False
Let i(s) = 15*s**2 + s + 3. Let u(w) = -16*w**2 - w - 4. Let d(r) = -2*i(r) - 3*u(r). Is d(-5) prime?
False
Is -1*113/(-2)*(165 - -1) a composite number?
True
Suppose -16 - 24 = 5*w. Is (w/12*1)/((-2)/2769) a prime number?
False
Suppose 4*k + 20 = 0, -d - 5*k = d + 19. Is -113*(d + (-6 - 0 - 2)) composite?
True
Let n be (2388/45*-3)/((-2)/5). Is (n/4)/((-5)/(-10) + 0) a prime number?
True
Let w = -5977 + 10178. Is w composite?
False
Let i(f) = f**2 - 10*f + 12. Let y be i(6). Is (y/(-36))/((-2)/(-2514)) prime?
True
Let x(w) = 37*w**2 + w + 127. Is x(-25) composite?
False
Suppose -2*o - 10 = 0, 8*k - 4*o = 3*k - 210. Let p = 969 + k. Is p prime?
False
Suppose -4*t + 3*t + 1259 = 0. Is t composite?
False
Suppose -3*u - 3*y + 48 = 0, -3*u - 2*y + 54 = u. Suppose 2*c - u = t + 108, c - 64 = 5*t. Is c composite?
False
Let u be -58*4/(-2)*-1. Let j = 219 + u. Is j composite?
False
Let 